ppose 2*u - 210 = b - 5*b, -4*u - 230 = -o*b. What is the units digit of b?
0
Let j be (-16)/(-2) - 0/(-2). Let h(l) = -l**3 + 8*l**2 + 1. Let r be h(j). Let p = 15 - r. What is the units digit of p?
4
Suppose 3*p - 255 - 69 = 0. What is the tens digit of p?
0
Let t = 910 + -685. What is the units digit of t?
5
Suppose 0*f - 2420 = -20*f. What is the hundreds digit of f?
1
Let c be ((-6)/18)/((-2)/(-30)). Let b = -7 - c. What is the units digit of b/(3 - 154/50)?
5
Let t = 36 + -24. Let m be (-2)/(-3) - 28/(-12) - -33. Let a = m - t. What is the tens digit of a?
2
Let q = 1065 + 812. What is the units digit of q?
7
Let w(q) = q**3 - 4*q + 1287. What is the tens digit of w(0)?
8
Suppose 3*t - 114 - 543 = -u, 0 = -4*u - 3*t + 2655. What is the hundreds digit of u?
6
Let p(d) = -18*d + 14. What is the units digit of p(-4)?
6
Suppose -5*j + 389 - 14 = 0. Suppose -2*u = 3*u - j. What is the units digit of 42/u - 4/(-20)?
3
Let p be 84/8*12/9. Let i = -12 + p. Suppose -5*a + 33 = -2*j, -2*a + a + i*j = -13. What is the units digit of a?
5
Let p(n) = n**2 - 13*n + 22. Let x be p(13). Suppose 21*y - x*y = -29. What is the units digit of y?
9
Suppose -34 = -4*o + 2*i, -2*o + 0*o + 5 = 3*i. Suppose -d = -2*u, 5*u = o*d - 2*d + 15. What is the units digit of ((-4)/(-7))/(d/(-21))?
2
Suppose 34*g = 37*g - 12. Let u = -3 + 5. Suppose -u*h + 0*h - 4*n = -30, 131 = 5*h - g*n. What is the tens digit of h?
2
Suppose 0*f + 5*f + 20 = 0, 0 = -5*k + 5*f + 1415. What is the units digit of k?
9
Let q = -7 + 11. Suppose q*m - 2434 = -5*w, -5*m - 2428 = -5*w - 3*m. What is the units digit of w/12 + 3/(-2)?
9
Let z(u) = -u + 7. Let k be z(7). Suppose -s + 5*x - 12 = 0, k = 3*s - 6*x + 3*x. Suppose s*r + 2*r - 75 = 0. What is the units digit of r?
5
What is the hundreds digit of (4/(-2))/((-2)/437)*8?
4
Let h(r) = r**3 + 4*r**2 + 4*r + 3. Let o be h(-4). Let m = o - -20. Let d(n) = n**2 - 6*n + 2. What is the units digit of d(m)?
9
Let m = -69 - -67. What is the units digit of -80 - -81 - (-200 - 0/m)?
1
Let k(u) = 2*u**2 + 8*u - 2. Suppose -4*x + 5*w = -57 - 40, -43 = -x + 5*w. Suppose x = -4*c + c. What is the units digit of k(c)?
2
Suppose -4*r - x + 3587 = 0, 932 + 864 = 2*r - 2*x. What is the hundreds digit of r?
8
Suppose 0 = -t - r - 4*r + 33, -t + 13 = r. Suppose 0*m + 9 = m. What is the units digit of t + m/(4 - 1)?
1
Let a be (-12 - -9)*(-34)/(-6). Let q(v) = v**2 + 17*v + 13. What is the tens digit of q(a)?
1
Let g(b) = 30*b**2 - 8*b + 20. What is the units digit of g(4)?
8
Let f(o) = -o**2 - o - 1. Let q(n) = n**2 + 9*n + 2. Let x(u) = 2*f(u) + q(u). Let t be x(6). Suppose -11*j + t*j + 140 = 0. What is the tens digit of j?
2
Suppose 0 = -16*z - 954 + 11802. What is the tens digit of z?
7
Let f = 4811 - 1439. What is the thousands digit of f?
3
Let h(w) = 46*w**2 - 7*w - 32. What is the units digit of h(-8)?
8
Suppose -9 - 12 = -3*x. Let i(c) = 1 + x*c**2 + c**2 - c + 6*c**2. What is the tens digit of i(1)?
1
Let h = -98 + 112. Suppose w + 3*d = -h, 23 = -w - w - 5*d. What is the units digit of w?
1
Let z = -16 - -24. Let r = z - 0. What is the units digit of r?
8
Let a(h) = h**3 + 19*h**2 - 9*h - 24. Let u be a(-20). Let z = -137 - u. What is the tens digit of z?
0
Let p(h) = -155*h**2 + 9*h - 2. Let f(y) = -153*y**2 + 8*y - 1. Let s(k) = -5*f(k) + 4*p(k). What is the tens digit of s(-1)?
4
Let g be (21/(-2) - -4)*2. Let u = 13 + g. Suppose 0 = 3*c - u*c - 135. What is the units digit of c?
5
Let p(g) = 11*g**2 - 13*g + 26. Let r(v) = -6*v**2 + 7*v - 13. Let s(l) = 4*p(l) + 7*r(l). What is the tens digit of s(6)?
6
Let b(q) = -2*q - 15. Let i be b(-9). Suppose -x + 8 = i*x. Suppose p = 4*p + k - 92, x*p + 5*k = 44. What is the tens digit of p?
3
Suppose 1467 = 7*d - 2096. What is the units digit of d?
9
Let q = -2630 - -4298. What is the units digit of q?
8
Let j be (168/36)/(4/(-6)). What is the units digit of (3 - j)*(-21)/(-6)?
5
Let y(x) = 2*x - 14. Let i be y(5). What is the units digit of (43/i)/(15/(-60))?
3
Let t = -7 + 2. Let p = t - -4. What is the units digit of 0/p - (-5 - 22)?
7
Suppose -53*r + 47*r = -1026. What is the tens digit of r?
7
Let m be (0 - -4 - 4)/1. Suppose m = -4*n + 42 + 270. What is the units digit of n?
8
Suppose -w = -i - 0*i + 6, 2*i = 3*w + 13. Suppose 2 - i = -u. Suppose -3*l + 2*n + u = -11, 3*l - 22 = 4*n. What is the units digit of l?
2
Let p = -568 + 1782. What is the hundreds digit of p?
2
Let g(t) = t**3 + 9*t**2 + 6*t - 2. Let z be g(-8). Suppose -z*f + 285 = -11*f. What is the tens digit of f?
9
Suppose 0 = -7*f - 0*f - 7. Suppose 0*r - 3*r + 30 = 0. What is the units digit of r + f - (-1 + 1)?
9
Let q = 108 - 51. Let b = q - 28. Suppose -4*p - 303 = -5*z, 5*z - 350 + b = -2*p. What is the tens digit of z?
6
Suppose 16 = g + 3*f - 37, -g + 4*f = -67. Suppose 30*q - 31*q + g = 0. What is the units digit of q?
9
Let c(o) = 3*o - 25. Let j be c(10). Suppose -3*h + 208 = s + 35, -s = -j. What is the units digit of h?
6
Suppose 3*q + 0 + 110 = -4*w, 4*w + 80 = -2*q. Let c be (-96)/30*q/(-4). Let f = c + 45. What is the tens digit of f?
2
Let p = 291 + 2. What is the units digit of p?
3
Suppose 36*m - 37*m = 0. Suppose -o + y + 2*y + 93 = m, -5*y - 287 = -3*o. What is the units digit of o?
9
Suppose -8 = -4*m + 3*i, -3*m - 2*i - 2*i = -6. Suppose -m*x - 9 = -x. What is the units digit of x/(12/4) - -10?
7
Let a be ((-12)/8)/((-3)/4). Suppose 0*i - 12 = -a*i. Suppose i = -5*y + 41. What is the units digit of y?
7
Suppose 0 = 2*d + 3*d - 15, -d - 9 = -4*y. What is the units digit of 28 + y/((-9)/12)?
4
Let k(z) = 2*z**2 + 13*z + 9. Let u be k(-6). Suppose 0 = u*q - 6*q. Let r = 31 - q. What is the units digit of r?
1
What is the thousands digit of 1470*(-1)/(-4)*-2*-2?
1
Let u = -13 + 18. Let r be (2/4)/(3/(-78)). What is the tens digit of u - (3 + -1) - r?
1
Let n(r) = -r**2 - 17*r - 14. Let s be n(-16). Suppose -5*z = s*z - 616. What is the units digit of z?
8
What is the tens digit of 2203/5 - 54/(-135)?
4
Let t = 1701 + -1276. What is the hundreds digit of t?
4
Let n(c) = c**3 - 10*c**2 + 37*c - 201. What is the hundreds digit of n(11)?
3
Suppose -3144 - 8826 = -38*z. What is the units digit of z?
5
Suppose 0 = 53*t - 51*t - 1270. What is the hundreds digit of t?
6
Let m be (-2)/7 - ((-33)/(-7) + -6). What is the units digit of m/5 + 6/(90/237)?
6
Suppose -86*w + 13*w = -343611. What is the thousands digit of w?
4
Let b = 5348 - 2238. What is the thousands digit of b?
3
Let a(z) = -3*z + 1. Let c(x) = -x**3 - 4*x**2 - 3*x + 2. Let l be c(-3). Suppose -l*i = -3*n - 15, -n + 2*i + 3*i + 8 = 0. What is the tens digit of a(n)?
2
Let b be 2/6 - (-3)/(-9). Suppose o - 10*o + 45 = 0. Suppose 0 = -3*k - 3*q + 33 + 75, b = -o*k + 4*q + 162. What is the units digit of k?
4
Let k = 139 - 131. Suppose k*g - 235 = 357. What is the tens digit of g?
7
Let a(d) = -d**2 - 7*d - 3. Let i be a(-6). Suppose -i*h + 130 = -h. What is the units digit of h?
5
Let v = 2588 - 1552. What is the hundreds digit of v?
0
Let d(t) = 135*t**3 + 10*t**2 - 8*t - 5. What is the hundreds digit of d(3)?
7
Let v = 32 - 27. Let w be (-3 + v)/(1/(-19)). Let g = w - -69. What is the units digit of g?
1
Let q(d) = -d + 5. Let u be q(0). Let g(c) = -5*c + 3. Let l(f) = 9*f - 4. Let z(p) = 7*g(p) + 4*l(p). What is the tens digit of z(u)?
1
Suppose 5*v = 2*m + 20, 4*v - 3*m + 3 = 19. Suppose n - 2*d = -7*d - 19, -19 = n - v*d. Let x = n - -35. What is the units digit of x?
6
Let z(f) = 2*f**2 - 4*f - 1. Let o be z(3). Suppose -210 = -o*i - 2*t, i - 2*t - 70 = -i. What is the units digit of i?
0
Suppose 3*a = 5*n + 271, -2*n = 4*a - 3*n - 350. What is the tens digit of a?
8
Let x(p) = -2*p**3 - 22*p**2 + 55*p - 9. What is the tens digit of x(-14)?
9
Let o(y) = -4*y - 56. Let c be o(-15). Suppose 11 = 5*n - c*n. What is the units digit of n?
1
Suppose 2*d + 5*j = 283, 5*j + 104 = d - 0*j. What is the tens digit of d?
2
Suppose 133*g + 1764 = 140*g. What is the tens digit of g?
5
Let s(l) = -340*l**3. Let b be s(-1). Suppose -2*p + b = -0*i + 3*i, -2*p = i - 348. Suppose 6 = -3*x, -2*o - 2*o + p = -4*x. What is the units digit of o?
2
Suppose -2*d + 7*d = w - 302, -3*d - 576 = -2*w. Suppose 3*v = -2*k + 438, -2*k - w = -2*v - 0*k. What is the hundreds digit of 